 2*z + 5*o = 966, -y*z + o + 1369 = -97. What is the hundreds digit of z?
4
Let t(m) = 1050*m + 62. Let k be t(6). Suppose 6*h = k + 94. What is the thousands digit of h?
1
Let h = -63 + 73. Suppose -5*s + h*s + 375 = 0. Let g = s + 76. What is the units digit of g?
1
Let y(u) = -9*u**2 + 1140*u - 389. What is the units digit of y(124)?
7
Let f be 44/7 + 9/((-189)/6). Let q be 140/(-7)*f/(-15). Suppose -7*z = -q*z + 181. What is the tens digit of z?
8
Let f(x) = 4*x**3 + 8*x**2 - 32*x + 4. What is the hundreds digit of f(6)?
9
Let h(q) = -q**3 - 57*q**2 - 3*q + 14. Suppose -2*k + 3*y - 111 = 0, -60 = k - 0*y + 3*y. What is the hundreds digit of h(k)?
1
Suppose 3*b - 2*v - 1303 = 0, 0 = -v + 2 + 2. Let l = 746 - b. What is the tens digit of l?
0
Suppose 1521125 = -7*y + 371*y - 8547479. What is the hundreds digit of y?
6
What is the tens digit of ((9470/15)/(-1))/(3 + (-10)/3)?
9
Let b be 0 - (-7)/(-14)*(-9 - -3). Suppose 18*h = -2*l + 15*h + 1444, -3*l + b*h = -2181. What is the hundreds digit of l?
7
Suppose 6*i - i - 4*x - 7300 = 0, 3*i = -4*x + 4348. Let g = -133 + i. Suppose -10*c = -3*c - g. What is the units digit of c?
9
Suppose 0*c = 3*c + 1167. Let x = 1033 + -483. Let z = x + c. What is the units digit of z?
1
Suppose 18*a = 4*a + 98. Suppose -a*f = -249 - 2551. What is the hundreds digit of f?
4
Suppose -3*v = 3*v + 246. Let j be (v/3)/((-3)/9). Suppose -45 + j = -2*h. What is the units digit of h?
2
Let w(l) = 70*l**2 + 385*l - 115. What is the ten thousands digit of w(-35)?
7
Let g = 6489 - -4116. What is the thousands digit of g?
0
Let j(k) = -8*k**2 + 163 + 10*k + 176 - 399 + 6*k - k**3 + 4*k**3. What is the units digit of j(7)?
9
Let s be (-75)/(-100)*(-44)/(-3). Suppose -8429 - 1757 = -s*x. What is the units digit of x?
6
Let p(f) = 1264*f + 8934. What is the hundreds digit of p(55)?
4
Suppose 0 = -5*d + 3*u + 75, 6*u - 45 = -5*d + 3*u. Suppose -6*q + d = -6. Suppose -q*a - 60 - 60 = -4*s, 4*s = a + 128. What is the units digit of s?
3
Suppose 3 = -i - p, 2*i + 56 - 47 = -3*p. Suppose 0 = 3*f - r - 2061, i = -f + 2*f - 5*r - 687. What is the tens digit of f?
8
Suppose 0 = 5*a - 30492 - 14778. What is the hundreds digit of a?
0
Suppose 11*j + 6 + 16 = 0. Let g be 484/24 - ((-26)/(-12) + j). What is the hundreds digit of (-2)/(-5) + (8 - (-2132)/g)?
1
Let z(a) = 60*a**2 - 1034*a - 9210. What is the hundreds digit of z(-9)?
9
Suppose 5*r - 3*o = 1180, 806 + 369 = 5*r - 4*o. Suppose -5*j - 5*c = -1405, -3*j - 4*c = -r - 608. Suppose -4*t + j = -259. What is the tens digit of t?
3
Let n(z) = 5*z + 46. Let y(c) = 2*c + 15. Let q(k) = -3*n(k) + 8*y(k). Let o be q(17). What is the hundreds digit of (1 + -3)*o/5*485?
1
Let o be (1/((-2)/16))/((-28)/6916). Suppose 3*a - o = -10*a. What is the tens digit of a?
5
What is the hundreds digit of (-7 + (-7 - 1437))/(-1)?
4
Let i = -27 - -32. Suppose w + 2*w + i*j = 6, -2*j + 2 = w. Suppose 7*m = w*m - 4*a + 367, 4*a = -2*m + 154. What is the tens digit of m?
7
Suppose 0 = -207*b + 241*b - 247656. What is the thousands digit of b?
7
Suppose -1730 = -4*r + 5*u, -3*r + 3*u + 1821 - 525 = 0. Let g = r + 1103. What is the hundreds digit of g?
5
Suppose -3*m + 1355 = 2*b, -2603 - 791 = -5*b - m. Suppose 965 = 4*h - b. What is the hundreds digit of h?
4
Let d = -44 + 47. Suppose 789 = d*j - 2*u + u, 0 = 3*j + 5*u - 807. Suppose 0 = -o + 3*r + 58, -4*o = -6*r + 2*r - j. What is the units digit of o?
0
Let s be (-8)/4 + 1 + 12. Suppose -s + 7 = i. What is the tens digit of (-23 - i)*2*-2?
7
Suppose 10*c - 8584 = -y + 7*c, 4*y - 34296 = -2*c. What is the hundreds digit of y?
5
Let a(p) = -p**3 + 11*p**2 - 9*p - 3. Let q be a(10). What is the units digit of ((-82)/q)/((-12)/294*7)?
1
Let q be (-1 + (-14)/(-6))*(-180)/(-120). Suppose 3*h + 125 = v, q*v = -2*v - 2*h + 500. What is the tens digit of (-1)/(-1) + (v - 17)?
0
Suppose -6*d - 3*n = -3*d - 127113, 2*d = -3*n + 84736. What is the units digit of d?
7
Let a = 22353 - 16713. What is the hundreds digit of a?
6
Let s(x) = 2*x**3 + 22*x**2 + 7*x - 3. What is the units digit of s(16)?
3
Let z = 1352 - 380. Let q = 1906 - z. What is the units digit of q?
4
What is the tens digit of (-120)/3480 - 2222910/(-58)?
2
Suppose 5*o = -3*g + 84289, 0 = -126*o + 122*o - 4*g + 67444. What is the tens digit of o?
5
Let a = -14412 - -37962. What is the units digit of a?
0
Suppose -58 = 8*u - 194. Suppose -u*j = -16*j - 680. What is the tens digit of j?
8
Let v = 76 - -3. Let c = v + 137. What is the units digit of c?
6
Let g(i) = i**3 - 54*i**2 + 71*i + 186. What is the thousands digit of g(55)?
7
Let p(v) = -v - 4. Let b be p(-6). Suppose -b*l = 5*f + 2, -4 = -3*f + l - 3. Suppose 5*o + n - 237 = f, n + 95 = 2*o - 4. What is the tens digit of o?
4
Suppose 112 = 28*y - 35*y. Let q = -45 - -81. What is the tens digit of (q/y)/9 - (-706)/8?
8
Suppose z + 10 = 5*i, -z - 7 = -4*i - 0. Suppose 2*u - 9 = z. Suppose -u*x + 29 = -6*x. What is the units digit of x?
9
Let y(k) = k**3 - 9*k**2 - 7*k - 28. Let o be y(10). Suppose -o*x + x = -371. What is the hundreds digit of x?
3
Let s(f) = 1630*f + 24. Let n be s(3). Suppose -15*d = -8*d - n. What is the units digit of d?
2
Let f(s) = 46*s + 275. Let z be f(14). Let n = z + -64. What is the units digit of n?
5
Let q = -204 - -203. Let x(v) = -106*v**3 - 2*v**2 - 4*v - 1. What is the hundreds digit of x(q)?
1
Suppose -5*u - 5532 = -y, -16511 = -3*y - 7*u + 5*u. What is the units digit of y?
7
Let u = 3922 - 2483. Let s = u - 990. What is the units digit of s?
9
Let g be 24/132 - (-86)/11. Suppose -91 = g*h + 5. What is the units digit of 7/((-4)/h + 0)?
1
Let y = 7 + -5. Suppose 0 = 6*c - y*c - 56. Suppose -15*w + 18 = -c*w. What is the units digit of w?
8
Let q = 480 - -231. What is the tens digit of q?
1
Let j(g) = 161 + 11*g**2 - 84 - 174 + 14*g. What is the hundreds digit of j(12)?
6
Suppose 8*u - 11*u - s + 2942 = 0, -970 = -u - 3*s. What is the units digit of u?
2
Suppose 5*p + 30 = 5*q, 4*p + 18 = 2*q - 0. Suppose u + 587 = a - q*u, a + 2*u - 605 = 0. What is the tens digit of a?
9
Let x(d) = 63*d**2 + 9*d + 61. What is the thousands digit of x(9)?
5
Suppose y - 2*y + 4 = 0, y - 5806 = 3*t. Let j = -960 - t. What is the hundreds digit of j?
9
Suppose 89 = -4*v + 61. What is the tens digit of 368 - (v - -8 - 7)?
7
Suppose 0 = -34*d + 33*d + 5, -2*a + 33411 = -d. What is the units digit of a?
8
Let v be (-2)/3 + (-530465)/(-39). Suppose 4361 = -10*l + v. What is the units digit of l?
4
Let i(o) = -19*o**3 + 5*o**2 - o + 5. Let p be i(-3). Let m = p + -283. What is the hundreds digit of m?
2
Let q(n) = -n**2 - 26*n + 64. Let p be q(-28). Suppose -h + 585 = -v, -3*h = p*v - 4*v - 1783. What is the hundreds digit of h?
5
Let d(h) = 217*h**3 - 20*h**2 + 43*h - 5. What is the units digit of d(2)?
7
Let r be 2/12 - 15332/(-24). Suppose 0 = -640*x + r*x + 339. What is the tens digit of x?
3
Let y(w) = -15*w**3 - 29*w**2 - 3*w + 145. What is the tens digit of y(-11)?
3
What is the hundreds digit of 84023/10 - (-18)/48*(-12)/15?
4
Let o(j) = 3*j**2 - 98*j - 1381. What is the units digit of o(-19)?
4
What is the hundreds digit of 30 - 153/17 - -40243?
2
Suppose 30*x + 32978 - 478394 = -104*x. What is the hundreds digit of x?
3
Let t(f) = 5*f**2 - 9*f - 72. Let j(y) = -2*y**3 + y**2 - y + 12. Let a be j(0). What is the hundreds digit of t(a)?
5
Let a(i) be the first derivative of 3*i**3 - 3*i**2/2 + 8*i - 6. Let d be a(6). Suppose -5*q = 2*n - 6*n - d, n = -3*q + 202. What is the tens digit of q?
6
Let i(s) = -s - 16. Let j be i(-8). Let n be 4 + j + 0 + 12. Suppose n*k - 21*k = -962. What is the tens digit of k?
7
Suppose -26*j + 22*j - 88 = 3*a, 66 = -3*j - a. Let p(q) be the second derivative of -7*q**3/6 - 34*q**2 + q. What is the units digit of p(j)?
6
What is the hundreds digit of (26/8)/(206/395520)?
2
Let w = -22 - -22. Suppose w = -3*n - 5*q + 355 + 434, n - 4*q = 263. What is the hundreds digit of n?
2
Let m = -2 - -2. Let x(p) = -12*p + 137. Let l be x(11). Suppose -2*i = -l*s - m*s + 480, -i = 0. What is the tens digit of s?
9
Let p = 1682 + 189. What is the thousands digit of p?
1
Let z = 197 - 243. Let w be 2/8 - 351/(-4). Let s = z + w. What is the units digit of s?
2
Suppose -5*p - 18194 = -4*o, -7*o + 8*o - 4561